[INFO] cloning repository https://github.com/josechifflet/subtrate-runtime-assignment-1
[INFO] running `Command { std: "git" "-c" "credential.helper=" "-c" "credential.helper=/workspace/cargo-home/bin/git-credential-null" "clone" "--bare" "https://github.com/josechifflet/subtrate-runtime-assignment-1" "/workspace/cache/git-repos/https%3A%2F%2Fgithub.com%2Fjosechifflet%2Fsubtrate-runtime-assignment-1", kill_on_drop: false }`
[INFO] [stderr] Cloning into bare repository '/workspace/cache/git-repos/https%3A%2F%2Fgithub.com%2Fjosechifflet%2Fsubtrate-runtime-assignment-1'...
[INFO] running `Command { std: "git" "rev-parse" "HEAD", kill_on_drop: false }`
[INFO] [stdout] 799a08b33c6b07e48977116c30cc6af7fce90f42
[INFO] checking josechifflet/subtrate-runtime-assignment-1 against master#9610dfe5a9a731ced1ea4923ecbd0c57fe367898 for beta-170-4
[INFO] running `Command { std: "git" "clone" "/workspace/cache/git-repos/https%3A%2F%2Fgithub.com%2Fjosechifflet%2Fsubtrate-runtime-assignment-1" "/workspace/builds/worker-4-tc1/source", kill_on_drop: false }`
[INFO] [stderr] Cloning into '/workspace/builds/worker-4-tc1/source'...
[INFO] [stderr] done.
[INFO] validating manifest of git repo https://github.com/josechifflet/subtrate-runtime-assignment-1 on toolchain 9610dfe5a9a731ced1ea4923ecbd0c57fe367898
[INFO] running `Command { std: CARGO_HOME="/workspace/cargo-home" RUSTUP_HOME="/workspace/rustup-home" "/workspace/cargo-home/bin/cargo" "+9610dfe5a9a731ced1ea4923ecbd0c57fe367898" "metadata" "--manifest-path" "Cargo.toml" "--no-deps", kill_on_drop: false }`
[INFO] started tweaking git repo https://github.com/josechifflet/subtrate-runtime-assignment-1
[INFO] finished tweaking git repo https://github.com/josechifflet/subtrate-runtime-assignment-1
[INFO] tweaked toml for git repo https://github.com/josechifflet/subtrate-runtime-assignment-1 written to /workspace/builds/worker-4-tc1/source/Cargo.toml
[INFO] crate git repo https://github.com/josechifflet/subtrate-runtime-assignment-1 already has a lockfile, it will not be regenerated
[INFO] running `Command { std: CARGO_HOME="/workspace/cargo-home" RUSTUP_HOME="/workspace/rustup-home" "/workspace/cargo-home/bin/cargo" "+9610dfe5a9a731ced1ea4923ecbd0c57fe367898" "fetch" "--manifest-path" "Cargo.toml", kill_on_drop: false }`
[INFO] [stderr]  Downloading crates ...
[INFO] [stderr]   Downloaded sp-finality-tracker v2.0.1
[INFO] [stderr]   Downloaded sc-rpc-server v2.0.1
[INFO] [stderr]   Downloaded sp-chain-spec v2.0.1
[INFO] [stderr]   Downloaded sp-blockchain v2.0.1
[INFO] [stderr]   Downloaded pallet-balances v2.0.1
[INFO] [stderr]   Downloaded sc-transaction-pool v2.0.1
[INFO] [stderr]   Downloaded sc-offchain v2.0.1
[INFO] [stderr]   Downloaded sc-service v0.8.1
[INFO] [stderr]   Downloaded sp-utils v2.0.1
[INFO] [stderr]   Downloaded sp-consensus v0.8.1
[INFO] [stderr]   Downloaded libp2p-pnet v0.19.2
[INFO] [stderr]   Downloaded arc-swap v1.2.0
[INFO] [stderr]   Downloaded sc-consensus v0.8.1
[INFO] [stderr]   Downloaded multistream-select v0.8.5
[INFO] [stderr]   Downloaded sc-network-gossip v0.8.1
[INFO] [stderr]   Downloaded sp-serializer v2.0.1
[INFO] [stderr]   Downloaded sp-allocator v2.0.1
[INFO] [stderr]   Downloaded sc-executor v0.8.1
[INFO] [stderr]   Downloaded sc-executor-wasmtime v0.8.1
[INFO] [stderr]   Downloaded substrate-build-script-utils v2.0.1
[INFO] [stderr]   Downloaded sc-block-builder v0.8.1
[INFO] [stderr]   Downloaded sc-informant v0.8.1
[INFO] [stderr]   Downloaded sc-chain-spec-derive v2.0.1
[INFO] [stderr]   Downloaded sc-light v2.0.1
[INFO] [stderr]   Downloaded pallet-transaction-payment-rpc v2.0.1
[INFO] [stderr]   Downloaded sc-proposer-metrics v0.8.1
[INFO] [stderr]   Downloaded sc-consensus-slots v0.8.1
[INFO] [stderr]   Downloaded sc-client-db v0.8.1
[INFO] [stderr]   Downloaded frame-benchmarking-cli v2.0.1
[INFO] [stderr]   Downloaded sp-consensus-slots v0.8.1
[INFO] [stderr]   Downloaded sc-chain-spec v2.0.1
[INFO] [stderr]   Downloaded sc-state-db v0.8.1
[INFO] [stderr]   Downloaded sc-network v0.8.1
[INFO] [stderr]   Downloaded sc-rpc-api v0.8.1
[INFO] [stderr]   Downloaded multihash v0.11.4
[INFO] [stderr]   Downloaded parity-multiaddr v0.9.7
[INFO] [stderr]   Downloaded frame-executive v2.0.1
[INFO] [stderr]   Downloaded pallet-grandpa v2.0.1
[INFO] [stderr]   Downloaded pallet-finality-tracker v2.0.1
[INFO] [stderr]   Downloaded pallet-sudo v2.0.1
[INFO] [stderr]   Downloaded sp-consensus-aura v0.8.1
[INFO] [stderr]   Downloaded salsa20 v0.6.0
[INFO] [stderr]   Downloaded substrate-prometheus-endpoint v0.8.1
[INFO] [stderr]   Downloaded sp-database v2.0.1
[INFO] [stderr]   Downloaded sc-basic-authorship v0.8.1
[INFO] [stderr]   Downloaded sc-cli v0.8.1
[INFO] [stderr]   Downloaded sc-finality-grandpa v0.8.1
[INFO] [stderr]   Downloaded sc-consensus-aura v0.8.1
[INFO] [stderr]   Downloaded sp-finality-grandpa v2.0.1
[INFO] [stderr]   Downloaded fork-tree v2.0.1
[INFO] [stderr]   Downloaded sc-peerset v2.0.1
[INFO] [stderr]   Downloaded sc-keystore v2.0.1
[INFO] [stderr]   Downloaded sc-tracing v2.0.1
[INFO] [stderr]   Downloaded sc-rpc v2.0.1
[INFO] [stderr]   Downloaded sc-executor-wasmi v0.8.1
[INFO] [stderr]   Downloaded sc-transaction-graph v2.0.1
[INFO] [stderr]   Downloaded sc-client-api v2.0.1
[INFO] [stderr]   Downloaded sc-telemetry v2.0.1
[INFO] [stderr]   Downloaded substrate-frame-rpc-system v2.0.1
[INFO] [stderr]   Downloaded frame-system-benchmarking v2.0.1
[INFO] [stderr]   Downloaded pallet-aura v2.0.1
[INFO] [stderr]   Downloaded parity-scale-codec v1.3.6
[INFO] [stderr]   Downloaded sc-executor-common v0.8.1
[INFO] [stderr]   Downloaded frame-system-rpc-runtime-api v2.0.1
[INFO] [stderr]   Downloaded pallet-randomness-collective-flip v2.0.1
[INFO] [stderr]   Downloaded pallet-transaction-payment v2.0.1
[INFO] [stderr]   Downloaded pallet-transaction-payment-rpc-runtime-api v2.0.1
[INFO] [stderr]   Downloaded sp-offchain v2.0.1
[INFO] [stderr]   Downloaded sp-block-builder v2.0.1
[INFO] [stderr]   Downloaded sp-transaction-pool v2.0.1
[INFO] running `Command { std: "docker" "create" "-v" "/var/lib/crater-agent-workspace/builds/worker-4-tc1/target:/opt/rustwide/target:rw,Z" "-v" "/var/lib/crater-agent-workspace/builds/worker-4-tc1/source:/opt/rustwide/workdir:ro,Z" "-v" "/var/lib/crater-agent-workspace/cargo-home:/opt/rustwide/cargo-home:ro,Z" "-v" "/var/lib/crater-agent-workspace/rustup-home:/opt/rustwide/rustup-home:ro,Z" "-e" "SOURCE_DIR=/opt/rustwide/workdir" "-e" "CARGO_TARGET_DIR=/opt/rustwide/target" "-e" "CARGO_HOME=/opt/rustwide/cargo-home" "-e" "RUSTUP_HOME=/opt/rustwide/rustup-home" "-w" "/opt/rustwide/workdir" "-m" "1610612736" "--user" "0:0" "--network" "none" "ghcr.io/rust-lang/crates-build-env/linux@sha256:19e73879b68f455e41552ea35293514db52ea292d993f571636dbffedb77a1ee" "/opt/rustwide/cargo-home/bin/cargo" "+9610dfe5a9a731ced1ea4923ecbd0c57fe367898" "metadata" "--no-deps" "--format-version=1", kill_on_drop: false }`
[INFO] [stdout] 08ba8e2cccd8e3b6972f39ce09e01a389622e7dd5f478013c36bd99e4a97d6c8
[INFO] running `Command { std: "docker" "start" "-a" "08ba8e2cccd8e3b6972f39ce09e01a389622e7dd5f478013c36bd99e4a97d6c8", kill_on_drop: false }`
[INFO] running `Command { std: "docker" "inspect" "08ba8e2cccd8e3b6972f39ce09e01a389622e7dd5f478013c36bd99e4a97d6c8", kill_on_drop: false }`
[INFO] running `Command { std: "docker" "rm" "-f" "08ba8e2cccd8e3b6972f39ce09e01a389622e7dd5f478013c36bd99e4a97d6c8", kill_on_drop: false }`
[INFO] [stdout] 08ba8e2cccd8e3b6972f39ce09e01a389622e7dd5f478013c36bd99e4a97d6c8
[INFO] running `Command { std: "docker" "create" "-v" "/var/lib/crater-agent-workspace/builds/worker-4-tc1/target:/opt/rustwide/target:rw,Z" "-v" "/var/lib/crater-agent-workspace/builds/worker-4-tc1/source:/opt/rustwide/workdir:ro,Z" "-v" "/var/lib/crater-agent-workspace/cargo-home:/opt/rustwide/cargo-home:ro,Z" "-v" "/var/lib/crater-agent-workspace/rustup-home:/opt/rustwide/rustup-home:ro,Z" "-e" "SOURCE_DIR=/opt/rustwide/workdir" "-e" "CARGO_TARGET_DIR=/opt/rustwide/target" "-e" "CARGO_INCREMENTAL=0" "-e" "RUST_BACKTRACE=full" "-e" "RUSTFLAGS=--cap-lints=forbid" "-e" "RUSTDOCFLAGS=--cap-lints=forbid" "-e" "CARGO_HOME=/opt/rustwide/cargo-home" "-e" "RUSTUP_HOME=/opt/rustwide/rustup-home" "-w" "/opt/rustwide/workdir" "-m" "1610612736" "--user" "0:0" "--network" "none" "ghcr.io/rust-lang/crates-build-env/linux@sha256:19e73879b68f455e41552ea35293514db52ea292d993f571636dbffedb77a1ee" "/opt/rustwide/cargo-home/bin/cargo" "+9610dfe5a9a731ced1ea4923ecbd0c57fe367898" "check" "--frozen" "--all" "--all-targets" "--message-format=json", kill_on_drop: false }`
[INFO] [stdout] 3a2b611bb9ad28e154950dab80896e28ce0dd1e5dda75000f84a801a62a6f361
[INFO] running `Command { std: "docker" "start" "-a" "3a2b611bb9ad28e154950dab80896e28ce0dd1e5dda75000f84a801a62a6f361", kill_on_drop: false }`
[INFO] [stderr]    Compiling libc v0.2.82
[INFO] [stderr]    Compiling proc-macro2 v1.0.24
[INFO] [stderr]    Compiling unicode-xid v0.2.1
[INFO] [stderr]    Compiling syn v1.0.58
[INFO] [stderr]    Compiling autocfg v1.0.1
[INFO] [stderr]     Checking cfg-if v1.0.0
[INFO] [stderr]    Compiling log v0.4.13
[INFO] [stderr]    Compiling serde_derive v1.0.119
[INFO] [stderr]    Compiling serde v1.0.119
[INFO] [stderr]     Checking cfg-if v0.1.10
[INFO] [stderr]     Checking scopeguard v1.1.0
[INFO] [stderr]     Checking smallvec v1.6.1
[INFO] [stderr]    Compiling memchr v2.3.4
[INFO] [stderr]     Checking byteorder v1.4.2
[INFO] [stderr]     Checking lazy_static v1.4.0
[INFO] [stderr]    Compiling typenum v1.12.0
[INFO] [stderr]    Compiling version_check v0.9.2
[INFO] [stderr]     Checking futures v0.1.30
[INFO] [stderr]     Checking either v1.6.1
[INFO] [stderr]     Checking slab v0.4.2
[INFO] [stderr]     Checking instant v0.1.9
[INFO] [stderr]     Checking lock_api v0.4.2
[INFO] [stderr]     Checking futures-core v0.3.11
[INFO] [stderr]    Compiling getrandom v0.1.16
[INFO] [stderr]     Checking pin-project-lite v0.2.4
[INFO] [stderr]    Compiling proc-macro-hack v0.5.19
[INFO] [stderr]     Checking futures-io v0.3.11
[INFO] [stderr]     Checking ppv-lite86 v0.2.10
[INFO] [stderr]     Checking pin-utils v0.1.0
[INFO] [stderr]     Checking futures-sink v0.3.11
[INFO] [stderr]    Compiling generic-array v0.14.4
[INFO] [stderr]    Compiling proc-macro-nested v0.1.7
[INFO] [stderr]     Checking lock_api v0.3.4
[INFO] [stderr]     Checking futures-channel v0.3.11
[INFO] [stderr]     Checking arrayvec v0.5.2
[INFO] [stderr]    Compiling crunchy v0.2.2
[INFO] [stderr]     Checking byte-tools v0.3.1
[INFO] [stderr]     Checking subtle v2.4.0
[INFO] [stderr]     Checking block-padding v0.1.5
[INFO] [stderr]     Checking opaque-debug v0.2.3
[INFO] [stderr]     Checking fake-simd v0.1.2
[INFO] [stderr]     Checking opaque-debug v0.3.0
[INFO] [stderr]     Checking static_assertions v1.1.0
[INFO] [stderr]     Checking tinyvec_macros v0.1.0
[INFO] [stderr] LLVM ERROR: IO failure on output stream: No space left on device
[INFO] [stderr] error: could not parse/generate dep info at: /opt/rustwide/target/debug/deps/subtle-f3a24c30f947fdfd.d
[INFO] [stderr] 
[INFO] [stderr] Caused by:
[INFO] [stderr]   failed to write `/opt/rustwide/target/debug/.fingerprint/subtle-f3a24c30f947fdfd/dep-lib-subtle`
[INFO] [stderr] 
[INFO] [stderr] Caused by:
[INFO] [stderr]   No space left on device (os error 28)
[INFO] [stderr] warning: build failed, waiting for other jobs to finish...
[INFO] [stdout] error: linking with `cc` failed: exit status: 1
[INFO] [stdout]   |
[INFO] [stdout]   = note: LC_ALL="C" PATH="/opt/rustwide/rustup-home/toolchains/9610dfe5a9a731ced1ea4923ecbd0c57fe367898/lib/rustlib/x86_64-unknown-linux-gnu/bin:/opt/rustwide/cargo-home/bin:/usr/local/sbin:/usr/local/bin:/usr/sbin:/usr/bin:/sbin:/bin" VSLANG="1033" "cc" "-m64" "/tmp/rustcKHSoHJ/symbols.o" "/opt/rustwide/target/debug/build/typenum-c0e091a4269ba474/build_script_main-c0e091a4269ba474.build_script_main.be79f6cb2db62243-cgu.0.rcgu.o" "/opt/rustwide/target/debug/build/typenum-c0e091a4269ba474/build_script_main-c0e091a4269ba474.build_script_main.be79f6cb2db62243-cgu.1.rcgu.o" "/opt/rustwide/target/debug/build/typenum-c0e091a4269ba474/build_script_main-c0e091a4269ba474.build_script_main.be79f6cb2db62243-cgu.10.rcgu.o" "/opt/rustwide/target/debug/build/typenum-c0e091a4269ba474/build_script_main-c0e091a4269ba474.build_script_main.be79f6cb2db62243-cgu.11.rcgu.o" "/opt/rustwide/target/debug/build/typenum-c0e091a4269ba474/build_script_main-c0e091a4269ba474.build_script_main.be79f6cb2db62243-cgu.12.rcgu.o" "/opt/rustwide/target/debug/build/typenum-c0e091a4269ba474/build_script_main-c0e091a4269ba474.build_script_main.be79f6cb2db62243-cgu.13.rcgu.o" "/opt/rustwide/target/debug/build/typenum-c0e091a4269ba474/build_script_main-c0e091a4269ba474.build_script_main.be79f6cb2db62243-cgu.14.rcgu.o" "/opt/rustwide/target/debug/build/typenum-c0e091a4269ba474/build_script_main-c0e091a4269ba474.build_script_main.be79f6cb2db62243-cgu.15.rcgu.o" "/opt/rustwide/target/debug/build/typenum-c0e091a4269ba474/build_script_main-c0e091a4269ba474.build_script_main.be79f6cb2db62243-cgu.2.rcgu.o" "/opt/rustwide/target/debug/build/typenum-c0e091a4269ba474/build_script_main-c0e091a4269ba474.build_script_main.be79f6cb2db62243-cgu.3.rcgu.o" "/opt/rustwide/target/debug/build/typenum-c0e091a4269ba474/build_script_main-c0e091a4269ba474.build_script_main.be79f6cb2db62243-cgu.4.rcgu.o" "/opt/rustwide/target/debug/build/typenum-c0e091a4269ba474/build_script_main-c0e091a4269ba474.build_script_main.be79f6cb2db62243-cgu.5.rcgu.o" "/opt/rustwide/target/debug/build/typenum-c0e091a4269ba474/build_script_main-c0e091a4269ba474.build_script_main.be79f6cb2db62243-cgu.6.rcgu.o" "/opt/rustwide/target/debug/build/typenum-c0e091a4269ba474/build_script_main-c0e091a4269ba474.build_script_main.be79f6cb2db62243-cgu.7.rcgu.o" "/opt/rustwide/target/debug/build/typenum-c0e091a4269ba474/build_script_main-c0e091a4269ba474.build_script_main.be79f6cb2db62243-cgu.8.rcgu.o" "/opt/rustwide/target/debug/build/typenum-c0e091a4269ba474/build_script_main-c0e091a4269ba474.build_script_main.be79f6cb2db62243-cgu.9.rcgu.o" "/opt/rustwide/target/debug/build/typenum-c0e091a4269ba474/build_script_main-c0e091a4269ba474.4954h1vyrm8tfung.rcgu.o" "-Wl,--as-needed" "-L" "/opt/rustwide/target/debug/deps" "-L" "/opt/rustwide/rustup-home/toolchains/9610dfe5a9a731ced1ea4923ecbd0c57fe367898/lib/rustlib/x86_64-unknown-linux-gnu/lib" "-Wl,-Bstatic" "/opt/rustwide/rustup-home/toolchains/9610dfe5a9a731ced1ea4923ecbd0c57fe367898/lib/rustlib/x86_64-unknown-linux-gnu/lib/libstd-a8a9ba95b1228749.rlib" "/opt/rustwide/rustup-home/toolchains/9610dfe5a9a731ced1ea4923ecbd0c57fe367898/lib/rustlib/x86_64-unknown-linux-gnu/lib/libpanic_unwind-658322f66b02b1f7.rlib" "/opt/rustwide/rustup-home/toolchains/9610dfe5a9a731ced1ea4923ecbd0c57fe367898/lib/rustlib/x86_64-unknown-linux-gnu/lib/libobject-956ca946b7379eb6.rlib" "/opt/rustwide/rustup-home/toolchains/9610dfe5a9a731ced1ea4923ecbd0c57fe367898/lib/rustlib/x86_64-unknown-linux-gnu/lib/libmemchr-dd67659c95cf28db.rlib" "/opt/rustwide/rustup-home/toolchains/9610dfe5a9a731ced1ea4923ecbd0c57fe367898/lib/rustlib/x86_64-unknown-linux-gnu/lib/libaddr2line-43e984e033ffe85c.rlib" "/opt/rustwide/rustup-home/toolchains/9610dfe5a9a731ced1ea4923ecbd0c57fe367898/lib/rustlib/x86_64-unknown-linux-gnu/lib/libgimli-b33034ed520f9dde.rlib" "/opt/rustwide/rustup-home/toolchains/9610dfe5a9a731ced1ea4923ecbd0c57fe367898/lib/rustlib/x86_64-unknown-linux-gnu/lib/librustc_demangle-b682f100759c1cd5.rlib" "/opt/rustwide/rustup-home/toolchains/9610dfe5a9a731ced1ea4923ecbd0c57fe367898/lib/rustlib/x86_64-unknown-linux-gnu/lib/libstd_detect-4688e4e2de40eeae.rlib" "/opt/rustwide/rustup-home/toolchains/9610dfe5a9a731ced1ea4923ecbd0c57fe367898/lib/rustlib/x86_64-unknown-linux-gnu/lib/libhashbrown-bc98f60a979c8848.rlib" "/opt/rustwide/rustup-home/toolchains/9610dfe5a9a731ced1ea4923ecbd0c57fe367898/lib/rustlib/x86_64-unknown-linux-gnu/lib/librustc_std_workspace_alloc-f90abce6b91ba026.rlib" "/opt/rustwide/rustup-home/toolchains/9610dfe5a9a731ced1ea4923ecbd0c57fe367898/lib/rustlib/x86_64-unknown-linux-gnu/lib/libminiz_oxide-d2d517397bb596ef.rlib" "/opt/rustwide/rustup-home/toolchains/9610dfe5a9a731ced1ea4923ecbd0c57fe367898/lib/rustlib/x86_64-unknown-linux-gnu/lib/libadler-3c3cfff380065fd0.rlib" "/opt/rustwide/rustup-home/toolchains/9610dfe5a9a731ced1ea4923ecbd0c57fe367898/lib/rustlib/x86_64-unknown-linux-gnu/lib/libunwind-b4a016bd41fd2384.rlib" "/opt/rustwide/rustup-home/toolchains/9610dfe5a9a731ced1ea4923ecbd0c57fe367898/lib/rustlib/x86_64-unknown-linux-gnu/lib/libcfg_if-6b2e32ac6784fab1.rlib" "/opt/rustwide/rustup-home/toolchains/9610dfe5a9a731ced1ea4923ecbd0c57fe367898/lib/rustlib/x86_64-unknown-linux-gnu/lib/liblibc-69a45ab5967387b5.rlib" "/opt/rustwide/rustup-home/toolchains/9610dfe5a9a731ced1ea4923ecbd0c57fe367898/lib/rustlib/x86_64-unknown-linux-gnu/lib/liballoc-f366d4caf221188e.rlib" "/opt/rustwide/rustup-home/toolchains/9610dfe5a9a731ced1ea4923ecbd0c57fe367898/lib/rustlib/x86_64-unknown-linux-gnu/lib/librustc_std_workspace_core-522518611024dce5.rlib" "/opt/rustwide/rustup-home/toolchains/9610dfe5a9a731ced1ea4923ecbd0c57fe367898/lib/rustlib/x86_64-unknown-linux-gnu/lib/libcore-05898138a596088a.rlib" "/opt/rustwide/rustup-home/toolchains/9610dfe5a9a731ced1ea4923ecbd0c57fe367898/lib/rustlib/x86_64-unknown-linux-gnu/lib/libcompiler_builtins-737a1b3638f612c8.rlib" "-Wl,-Bdynamic" "-lgcc_s" "-lutil" "-lrt" "-lpthread" "-lm" "-ldl" "-lc" "-Wl,--eh-frame-hdr" "-Wl,-z,noexecstack" "-L" "/opt/rustwide/rustup-home/toolchains/9610dfe5a9a731ced1ea4923ecbd0c57fe367898/lib/rustlib/x86_64-unknown-linux-gnu/lib" "-o" "/opt/rustwide/target/debug/build/typenum-c0e091a4269ba474/build_script_main-c0e091a4269ba474" "-Wl,--gc-sections" "-pie" "-Wl,-z,relro,-z,now" "-nodefaultlibs"
[INFO] [stdout]   = note: /usr/bin/ld: final link failed: No space left on device
[INFO] [stdout]           collect2: error: ld returned 1 exit status
[INFO] [stdout]           
[INFO] [stdout] 
[INFO] [stdout] 
[INFO] [stdout] error: aborting due to previous error
[INFO] [stdout] 
[INFO] [stdout] 
[INFO] [stderr] error: could not compile `crunchy` (build script)
[INFO] [stderr] error: could not compile `typenum` (build script) due to 2 previous errors
[INFO] [stderr] error: could not parse/generate dep info at: /opt/rustwide/target/debug/deps/block_padding-0f4a016a5d79d189.d
[INFO] [stderr] 
[INFO] [stderr] Caused by:
[INFO] [stderr]   failed to write `/opt/rustwide/target/debug/.fingerprint/block-padding-0f4a016a5d79d189/dep-lib-block-padding`
[INFO] [stderr] 
[INFO] [stderr] Caused by:
[INFO] [stderr]   No space left on device (os error 28)
[INFO] [stderr] error: could not parse/generate dep info at: /opt/rustwide/target/debug/deps/tinyvec_macros-1702a6dddef0a1e8.d
[INFO] [stderr] 
[INFO] [stderr] Caused by:
[INFO] [stderr]   failed to write `/opt/rustwide/target/debug/.fingerprint/tinyvec_macros-1702a6dddef0a1e8/dep-lib-tinyvec_macros`
[INFO] [stderr] 
[INFO] [stderr] Caused by:
[INFO] [stderr]   No space left on device (os error 28)
[INFO] [stderr] error: could not parse/generate dep info at: /opt/rustwide/target/debug/deps/opaque_debug-efce51d5b7ce8699.d
[INFO] [stderr] 
[INFO] [stderr] Caused by:
[INFO] [stderr]   failed to write `/opt/rustwide/target/debug/.fingerprint/opaque-debug-efce51d5b7ce8699/dep-lib-opaque-debug`
[INFO] [stderr] 
[INFO] [stderr] Caused by:
[INFO] [stderr]   No space left on device (os error 28)
[INFO] [stderr] thread 'rustc' panicked at 'assertion failed: pos.get() <= self.position()', compiler/rustc_metadata/src/rmeta/encoder.rs:447:9
[INFO] [stdout] error: couldn't create a temp dir: No space left on device (os error 28) at path "/opt/rustwide/target/debug/deps/rmetaYzgP2y"
[INFO] [stdout] 
[INFO] [stdout] 
[INFO] [stderr] error: could not compile `fake-simd` (lib) due to previous error
[INFO] [stdout] error: linking with `cc` failed: exit status: 1
[INFO] [stdout]   |
[INFO] [stdout]   = note: LC_ALL="C" PATH="/opt/rustwide/rustup-home/toolchains/9610dfe5a9a731ced1ea4923ecbd0c57fe367898/lib/rustlib/x86_64-unknown-linux-gnu/bin:/opt/rustwide/cargo-home/bin:/usr/local/sbin:/usr/local/bin:/usr/sbin:/usr/bin:/sbin:/bin" VSLANG="1033" "cc" "-m64" "/tmp/rustcGr1weP/symbols.o" "/opt/rustwide/target/debug/build/proc-macro-nested-71565ca16df926a2/build_script_build-71565ca16df926a2.build_script_build.872efa50c0a947a0-cgu.0.rcgu.o" "/opt/rustwide/target/debug/build/proc-macro-nested-71565ca16df926a2/build_script_build-71565ca16df926a2.build_script_build.872efa50c0a947a0-cgu.1.rcgu.o" "/opt/rustwide/target/debug/build/proc-macro-nested-71565ca16df926a2/build_script_build-71565ca16df926a2.build_script_build.872efa50c0a947a0-cgu.10.rcgu.o" "/opt/rustwide/target/debug/build/proc-macro-nested-71565ca16df926a2/build_script_build-71565ca16df926a2.build_script_build.872efa50c0a947a0-cgu.11.rcgu.o" "/opt/rustwide/target/debug/build/proc-macro-nested-71565ca16df926a2/build_script_build-71565ca16df926a2.build_script_build.872efa50c0a947a0-cgu.12.rcgu.o" "/opt/rustwide/target/debug/build/proc-macro-nested-71565ca16df926a2/build_script_build-71565ca16df926a2.build_script_build.872efa50c0a947a0-cgu.13.rcgu.o" "/opt/rustwide/target/debug/build/proc-macro-nested-71565ca16df926a2/build_script_build-71565ca16df926a2.build_script_build.872efa50c0a947a0-cgu.14.rcgu.o" "/opt/rustwide/target/debug/build/proc-macro-nested-71565ca16df926a2/build_script_build-71565ca16df926a2.build_script_build.872efa50c0a947a0-cgu.15.rcgu.o" "/opt/rustwide/target/debug/build/proc-macro-nested-71565ca16df926a2/build_script_build-71565ca16df926a2.build_script_build.872efa50c0a947a0-cgu.2.rcgu.o" "/opt/rustwide/target/debug/build/proc-macro-nested-71565ca16df926a2/build_script_build-71565ca16df926a2.build_script_build.872efa50c0a947a0-cgu.3.rcgu.o" "/opt/rustwide/target/debug/build/proc-macro-nested-71565ca16df926a2/build_script_build-71565ca16df926a2.build_script_build.872efa50c0a947a0-cgu.4.rcgu.o" "/opt/rustwide/target/debug/build/proc-macro-nested-71565ca16df926a2/build_script_build-71565ca16df926a2.build_script_build.872efa50c0a947a0-cgu.5.rcgu.o" "/opt/rustwide/target/debug/build/proc-macro-nested-71565ca16df926a2/build_script_build-71565ca16df926a2.build_script_build.872efa50c0a947a0-cgu.6.rcgu.o" "/opt/rustwide/target/debug/build/proc-macro-nested-71565ca16df926a2/build_script_build-71565ca16df926a2.build_script_build.872efa50c0a947a0-cgu.7.rcgu.o" "/opt/rustwide/target/debug/build/proc-macro-nested-71565ca16df926a2/build_script_build-71565ca16df926a2.build_script_build.872efa50c0a947a0-cgu.8.rcgu.o" "/opt/rustwide/target/debug/build/proc-macro-nested-71565ca16df926a2/build_script_build-71565ca16df926a2.build_script_build.872efa50c0a947a0-cgu.9.rcgu.o" "/opt/rustwide/target/debug/build/proc-macro-nested-71565ca16df926a2/build_script_build-71565ca16df926a2.4izfzrumemvoebo6.rcgu.o" "-Wl,--as-needed" "-L" "/opt/rustwide/target/debug/deps" "-L" "/opt/rustwide/rustup-home/toolchains/9610dfe5a9a731ced1ea4923ecbd0c57fe367898/lib/rustlib/x86_64-unknown-linux-gnu/lib" "-Wl,-Bstatic" "/opt/rustwide/rustup-home/toolchains/9610dfe5a9a731ced1ea4923ecbd0c57fe367898/lib/rustlib/x86_64-unknown-linux-gnu/lib/libstd-a8a9ba95b1228749.rlib" "/opt/rustwide/rustup-home/toolchains/9610dfe5a9a731ced1ea4923ecbd0c57fe367898/lib/rustlib/x86_64-unknown-linux-gnu/lib/libpanic_unwind-658322f66b02b1f7.rlib" "/opt/rustwide/rustup-home/toolchains/9610dfe5a9a731ced1ea4923ecbd0c57fe367898/lib/rustlib/x86_64-unknown-linux-gnu/lib/libobject-956ca946b7379eb6.rlib" "/opt/rustwide/rustup-home/toolchains/9610dfe5a9a731ced1ea4923ecbd0c57fe367898/lib/rustlib/x86_64-unknown-linux-gnu/lib/libmemchr-dd67659c95cf28db.rlib" "/opt/rustwide/rustup-home/toolchains/9610dfe5a9a731ced1ea4923ecbd0c57fe367898/lib/rustlib/x86_64-unknown-linux-gnu/lib/libaddr2line-43e984e033ffe85c.rlib" "/opt/rustwide/rustup-home/toolchains/9610dfe5a9a731ced1ea4923ecbd0c57fe367898/lib/rustlib/x86_64-unknown-linux-gnu/lib/libgimli-b33034ed520f9dde.rlib" "/opt/rustwide/rustup-home/toolchains/9610dfe5a9a731ced1ea4923ecbd0c57fe367898/lib/rustlib/x86_64-unknown-linux-gnu/lib/librustc_demangle-b682f100759c1cd5.rlib" "/opt/rustwide/rustup-home/toolchains/9610dfe5a9a731ced1ea4923ecbd0c57fe367898/lib/rustlib/x86_64-unknown-linux-gnu/lib/libstd_detect-4688e4e2de40eeae.rlib" "/opt/rustwide/rustup-home/toolchains/9610dfe5a9a731ced1ea4923ecbd0c57fe367898/lib/rustlib/x86_64-unknown-linux-gnu/lib/libhashbrown-bc98f60a979c8848.rlib" "/opt/rustwide/rustup-home/toolchains/9610dfe5a9a731ced1ea4923ecbd0c57fe367898/lib/rustlib/x86_64-unknown-linux-gnu/lib/librustc_std_workspace_alloc-f90abce6b91ba026.rlib" "/opt/rustwide/rustup-home/toolchains/9610dfe5a9a731ced1ea4923ecbd0c57fe367898/lib/rustlib/x86_64-unknown-linux-gnu/lib/libminiz_oxide-d2d517397bb596ef.rlib" "/opt/rustwide/rustup-home/toolchains/9610dfe5a9a731ced1ea4923ecbd0c57fe367898/lib/rustlib/x86_64-unknown-linux-gnu/lib/libadler-3c3cfff380065fd0.rlib" "/opt/rustwide/rustup-home/toolchains/9610dfe5a9a731ced1ea4923ecbd0c57fe367898/lib/rustlib/x86_64-unknown-linux-gnu/lib/libunwind-b4a016bd41fd2384.rlib" "/opt/rustwide/rustup-home/toolchains/9610dfe5a9a731ced1ea4923ecbd0c57fe367898/lib/rustlib/x86_64-unknown-linux-gnu/lib/libcfg_if-6b2e32ac6784fab1.rlib" "/opt/rustwide/rustup-home/toolchains/9610dfe5a9a731ced1ea4923ecbd0c57fe367898/lib/rustlib/x86_64-unknown-linux-gnu/lib/liblibc-69a45ab5967387b5.rlib" "/opt/rustwide/rustup-home/toolchains/9610dfe5a9a731ced1ea4923ecbd0c57fe367898/lib/rustlib/x86_64-unknown-linux-gnu/lib/liballoc-f366d4caf221188e.rlib" "/opt/rustwide/rustup-home/toolchains/9610dfe5a9a731ced1ea4923ecbd0c57fe367898/lib/rustlib/x86_64-unknown-linux-gnu/lib/librustc_std_workspace_core-522518611024dce5.rlib" "/opt/rustwide/rustup-home/toolchains/9610dfe5a9a731ced1ea4923ecbd0c57fe367898/lib/rustlib/x86_64-unknown-linux-gnu/lib/libcore-05898138a596088a.rlib" "/opt/rustwide/rustup-home/toolchains/9610dfe5a9a731ced1ea4923ecbd0c57fe367898/lib/rustlib/x86_64-unknown-linux-gnu/lib/libcompiler_builtins-737a1b3638f612c8.rlib" "-Wl,-Bdynamic" "-lgcc_s" "-lutil" "-lrt" "-lpthread" "-lm" "-ldl" "-lc" "-Wl,--eh-frame-hdr" "-Wl,-z,noexecstack" "-L" "/opt/rustwide/rustup-home/toolchains/9610dfe5a9a731ced1ea4923ecbd0c57fe367898/lib/rustlib/x86_64-unknown-linux-gnu/lib" "-o" "/opt/rustwide/target/debug/build/proc-macro-nested-71565ca16df926a2/build_script_build-71565ca16df926a2" "-Wl,--gc-sections" "-pie" "-Wl,-z,relro,-z,now" "-nodefaultlibs"
[INFO] [stdout]   = note: /usr/bin/ld: final link failed: No space left on device
[INFO] [stdout]           collect2: error: ld returned 1 exit status
[INFO] [stdout]           
[INFO] [stdout] 
[INFO] [stdout] 
[INFO] [stderr] error: could not compile `proc-macro-nested` (build script) due to previous error
[INFO] [stderr] error: could not compile `proc-macro2` (lib)
[INFO] [stdout] error: couldn't create a temp dir: No space left on device (os error 28) at path "/opt/rustwide/target/debug/deps/rmetafkgfOu"
[INFO] [stdout] 
[INFO] [stdout] 
[INFO] [stderr] error: could not compile `arrayvec` (lib) due to previous error
[INFO] [stdout] error: couldn't create a temp dir: No space left on device (os error 28) at path "/opt/rustwide/target/debug/deps/rmeta5ZByaS"
[INFO] [stdout] 
[INFO] [stdout] 
[INFO] [stderr] error: could not compile `proc-macro-hack` (lib) due to previous error
[INFO] [stdout] error: couldn't create a temp dir: No space left on device (os error 28) at path "/opt/rustwide/target/debug/deps/rmetahbmoOG"
[INFO] [stdout] 
[INFO] [stdout] 
[INFO] [stderr] error: could not compile `futures` (lib) due to previous error
[INFO] [stdout] error: couldn't create a temp dir: No space left on device (os error 28) at path "/opt/rustwide/target/debug/deps/rmetay88j1k"
[INFO] [stdout] 
[INFO] [stdout] 
[INFO] [stderr] error: could not compile `libc` (lib) due to previous error
[INFO] [stdout] error: couldn't create a temp dir: No space left on device (os error 28) at path "/opt/rustwide/target/debug/deps/rmetavuFUoO"
[INFO] [stdout] 
[INFO] [stdout] 
[INFO] [stderr] error: could not compile `libc` (lib) due to previous error
[INFO] running `Command { std: "docker" "inspect" "3a2b611bb9ad28e154950dab80896e28ce0dd1e5dda75000f84a801a62a6f361", kill_on_drop: false }`
[INFO] running `Command { std: "docker" "rm" "-f" "3a2b611bb9ad28e154950dab80896e28ce0dd1e5dda75000f84a801a62a6f361", kill_on_drop: false }`
[INFO] [stdout] 3a2b611bb9ad28e154950dab80896e28ce0dd1e5dda75000f84a801a62a6f361
